{"id":2,"date":"2025-11-01T14:34:18","date_gmt":"2025-11-01T14:34:18","guid":{"rendered":"http:\/\/historiezydow.wdkwieruszow.pl\/?page_id=2"},"modified":"2026-04-09T14:54:16","modified_gmt":"2026-04-09T14:54:16","slug":"main","status":"publish","type":"page","link":"https:\/\/historiezydow.wdkwieruszow.pl\/","title":{"rendered":"Strona G\u0142\u00f3wna"},"content":{"rendered":"\n<figure class=\"wp-block-audio\"><audio controls src=\"https:\/\/historiezydow.wdkwieruszow.pl\/wp-content\/uploads\/2025\/12\/Martyna-Domal-Jidl-mitn-fidl.mp3\"><\/audio><\/figure>\n\n\n\n<div style=\"height:61px\" aria-hidden=\"true\" class=\"wp-block-spacer\"><\/div>\n\n\n<mapplic-map id=\"mapplic-116\" data-json=\"{&quot;settings&quot;:{&quot;mapWidth&quot;:1366,&quot;mapHeight&quot;:768,&quot;zoom&quot;:true,&quot;hoverTooltip&quot;:true,&quot;layer&quot;:&quot;layer1&quot;,&quot;layerSwitcher&quot;:&quot;top-right&quot;,&quot;resetButton&quot;:&quot;bottom-right&quot;,&quot;zoomButtons&quot;:&quot;bottom-left&quot;,&quot;fullscreen&quot;:&quot;top-left&quot;,&quot;legend&quot;:false,&quot;legendToggle&quot;:false,&quot;mouseWheel&quot;:true,&quot;closeReset&quot;:true,&quot;maxZoom&quot;:5,&quot;hoverAbout&quot;:true,&quot;legendTitle&quot;:&quot;Historia&quot;,&quot;deeplinking&quot;:[&quot;location&quot;],&quot;legendPos&quot;:&quot;top-left&quot;,&quot;mouseWheelShift&quot;:true},&quot;locations&quot;:[{&quot;id&quot;:&quot;loc1&quot;,&quot;title&quot;:&quot;Mykwa&quot;,&quot;coord&quot;:[0.1736,0.5008],&quot;layer&quot;:&quot;layer1&quot;,&quot;icon&quot;:&quot;http:\/\/historiezydow.wdkwieruszow.pl\/wp-content\/uploads\/2025\/11\/1.png&quot;,&quot;scale&quot;:7,&quot;zoom&quot;:1,&quot;color&quot;:&quot;#00000000&quot;,&quot;desc&quot;:&quot;&lt;button class=\\&quot;map-tip-btn\\&quot; onclick=\\&quot;window.__hzw_test_open(1); return false;\\&quot;&gt;Poznaj histori\u0119 tego miejsca&lt;\/button&gt;&quot;},{&quot;id&quot;:&quot;loc2&quot;,&quot;title&quot;:&quot;Wieruszowskie Getto&quot;,&quot;coord&quot;:[0.1771,0.4827],&quot;layer&quot;:&quot;layer1&quot;,&quot;icon&quot;:&quot;http:\/\/historiezydow.wdkwieruszow.pl\/wp-content\/uploads\/2025\/11\/2.png&quot;,&quot;scale&quot;:7,&quot;zoom&quot;:3.5,&quot;color&quot;:&quot;#00000000&quot;,&quot;desc&quot;:&quot;&lt;button class=\\&quot;map-tip-btn\\&quot; onclick=\\&quot;window.__hzw_test_open(2); return false;\\&quot;&gt;Poznaj histori\u0119 tego miejsca&lt;\/button&gt;&quot;},{&quot;id&quot;:&quot;loc3&quot;,&quot;title&quot;:&quot;Synagoga&quot;,&quot;coord&quot;:[0.1797,0.4625],&quot;layer&quot;:&quot;layer1&quot;,&quot;icon&quot;:&quot;http:\/\/historiezydow.wdkwieruszow.pl\/wp-content\/uploads\/2025\/11\/3.png&quot;,&quot;scale&quot;:6.8,&quot;zoom&quot;:3.5,&quot;color&quot;:&quot;#00000000&quot;,&quot;desc&quot;:&quot;&lt;button class=\\&quot;map-tip-btn\\&quot; onclick=\\&quot;window.__hzw_test_open(3); return false;\\&quot;&gt;Poznaj histori\u0119 tego miejsca&lt;\/button&gt;&quot;},{&quot;id&quot;:&quot;loc4&quot;,&quot;title&quot;:&quot;Chasydzki Dom Modlitwy&quot;,&quot;coord&quot;:[0.1913,0.4418],&quot;layer&quot;:&quot;layer1&quot;,&quot;icon&quot;:&quot;http:\/\/historiezydow.wdkwieruszow.pl\/wp-content\/uploads\/2025\/11\/4.png&quot;,&quot;scale&quot;:7,&quot;zoom&quot;:3.5,&quot;color&quot;:&quot;#00000000&quot;,&quot;desc&quot;:&quot;&lt;button class=\\&quot;map-tip-btn\\&quot; onclick=\\&quot;window.__hzw_test_open(4); return false;\\&quot;&gt;Poznaj histori\u0119 tego miejsca&lt;\/button&gt;&quot;},{&quot;id&quot;:&quot;loc5&quot;,&quot;title&quot;:&quot;Cheder&quot;,&quot;coord&quot;:[0.1984,0.4393],&quot;layer&quot;:&quot;layer1&quot;,&quot;icon&quot;:&quot;http:\/\/historiezydow.wdkwieruszow.pl\/wp-content\/uploads\/2025\/11\/5.png&quot;,&quot;scale&quot;:7,&quot;zoom&quot;:3.5,&quot;color&quot;:&quot;#00000000&quot;,&quot;desc&quot;:&quot;&lt;button class=\\&quot;map-tip-btn\\&quot; onclick=\\&quot;window.__hzw_test_open(5); return false;\\&quot;&gt;Poznaj histori\u0119 tego miejsca&lt;\/button&gt;&quot;},{&quot;id&quot;:&quot;loc6&quot;,&quot;title&quot;:&quot;Szko\u0142a \u017bydowska&quot;,&quot;coord&quot;:[0.2089,0.4514],&quot;layer&quot;:&quot;layer1&quot;,&quot;icon&quot;:&quot;http:\/\/historiezydow.wdkwieruszow.pl\/wp-content\/uploads\/2025\/11\/6.png&quot;,&quot;scale&quot;:7,&quot;zoom&quot;:3.5,&quot;color&quot;:&quot;#00000000&quot;,&quot;desc&quot;:&quot;&lt;button class=\\&quot;map-tip-btn\\&quot; onclick=\\&quot;window.__hzw_test_open(6); return false;\\&quot;&gt;Poznaj histori\u0119 tego miejsca&lt;\/button&gt;&quot;},{&quot;id&quot;:&quot;loc7&quot;,&quot;title&quot;:&quot;Klub Sportowy&quot;,&quot;coord&quot;:[0.2268,0.4504],&quot;layer&quot;:&quot;layer1&quot;,&quot;icon&quot;:&quot;http:\/\/historiezydow.wdkwieruszow.pl\/wp-content\/uploads\/2025\/11\/7.png&quot;,&quot;scale&quot;:7,&quot;zoom&quot;:3.5,&quot;color&quot;:&quot;#00000000&quot;,&quot;desc&quot;:&quot;&lt;button class=\\&quot;map-tip-btn\\&quot; onclick=\\&quot;window.__hzw_test_open(7); return false;\\&quot;&gt;Poznaj histori\u0119 tego miejsca&lt;\/button&gt;&quot;},{&quot;id&quot;:&quot;loc8&quot;,&quot;title&quot;:&quot;Rynek&quot;,&quot;coord&quot;:[0.2078,0.4791],&quot;layer&quot;:&quot;layer1&quot;,&quot;icon&quot;:&quot;http:\/\/historiezydow.wdkwieruszow.pl\/wp-content\/uploads\/2025\/11\/8.png&quot;,&quot;scale&quot;:7,&quot;zoom&quot;:3.5,&quot;color&quot;:&quot;#00000000&quot;,&quot;desc&quot;:&quot;&lt;button class=\\&quot;map-tip-btn\\&quot; onclick=\\&quot;window.__hzw_test_open(8); return false;\\&quot;&gt;Poznaj histori\u0119 tego miejsca&lt;\/button&gt;&quot;},{&quot;id&quot;:&quot;loc9&quot;,&quot;title&quot;:&quot;Magistrat&quot;,&quot;coord&quot;:[0.2036,0.5084],&quot;layer&quot;:&quot;layer1&quot;,&quot;icon&quot;:&quot;http:\/\/historiezydow.wdkwieruszow.pl\/wp-content\/uploads\/2025\/11\/9.png&quot;,&quot;scale&quot;:7,&quot;zoom&quot;:3.5,&quot;color&quot;:&quot;#00000000&quot;,&quot;desc&quot;:&quot;&lt;button class=\\&quot;map-tip-btn\\&quot; onclick=\\&quot;window.__hzw_test_open(9); return false;\\&quot;&gt;Poznaj histori\u0119 tego miejsca&lt;\/button&gt;&quot;},{&quot;id&quot;:&quot;loc10&quot;,&quot;title&quot;:&quot;Biblioteka&quot;,&quot;coord&quot;:[0.1968,0.4832],&quot;layer&quot;:&quot;layer1&quot;,&quot;icon&quot;:&quot;http:\/\/historiezydow.wdkwieruszow.pl\/wp-content\/uploads\/2025\/11\/10.png&quot;,&quot;scale&quot;:7,&quot;zoom&quot;:3.5,&quot;color&quot;:&quot;#00000000&quot;,&quot;desc&quot;:&quot;&lt;button class=\\&quot;map-tip-btn\\&quot; onclick=\\&quot;window.__hzw_test_open(10); return false;\\&quot;&gt;Poznaj histori\u0119 tego miejsca&lt;\/button&gt;&quot;},{&quot;id&quot;:&quot;loc11&quot;,&quot;title&quot;:&quot;Klasztor&quot;,&quot;coord&quot;:[0.2186,0.5512],&quot;layer&quot;:&quot;layer1&quot;,&quot;icon&quot;:&quot;http:\/\/historiezydow.wdkwieruszow.pl\/wp-content\/uploads\/2025\/11\/11.png&quot;,&quot;scale&quot;:7,&quot;zoom&quot;:3.5,&quot;color&quot;:&quot;#00000000&quot;,&quot;desc&quot;:&quot;&lt;button class=\\&quot;map-tip-btn\\&quot; onclick=\\&quot;window.__hzw_test_open(11); return false;\\&quot;&gt;Poznaj histori\u0119 tego miejsca&lt;\/button&gt;&quot;},{&quot;id&quot;:&quot;loc12&quot;,&quot;title&quot;:&quot;Fabryka Zapa\u0142ek&quot;,&quot;coord&quot;:[0.3445,0.3879],&quot;layer&quot;:&quot;layer1&quot;,&quot;icon&quot;:&quot;http:\/\/historiezydow.wdkwieruszow.pl\/wp-content\/uploads\/2025\/11\/12.png&quot;,&quot;scale&quot;:7,&quot;zoom&quot;:3.5,&quot;color&quot;:&quot;#00000000&quot;,&quot;desc&quot;:&quot;&lt;button class=\\&quot;map-tip-btn\\&quot; onclick=\\&quot;window.__hzw_test_open(12); return false;\\&quot;&gt;Poznaj histori\u0119 tego miejsca&lt;\/button&gt;&quot;},{&quot;id&quot;:&quot;loc13&quot;,&quot;title&quot;:&quot;Gara\u017c&quot;,&quot;coord&quot;:[0.2575,0.4887],&quot;layer&quot;:&quot;layer1&quot;,&quot;icon&quot;:&quot;http:\/\/historiezydow.wdkwieruszow.pl\/wp-content\/uploads\/2025\/11\/13.png&quot;,&quot;scale&quot;:7,&quot;zoom&quot;:3.5,&quot;color&quot;:&quot;#00000000&quot;,&quot;desc&quot;:&quot;&lt;button class=\\&quot;map-tip-btn\\&quot; onclick=\\&quot;window.__hzw_test_open(13); return false;\\&quot;&gt;Poznaj histori\u0119 tego miejsca&lt;\/button&gt;&quot;},{&quot;id&quot;:&quot;loc14&quot;,&quot;title&quot;:&quot;Cmentarz \u017bydowski&quot;,&quot;coord&quot;:[0.5089,0.3425],&quot;layer&quot;:&quot;layer1&quot;,&quot;icon&quot;:&quot;http:\/\/historiezydow.wdkwieruszow.pl\/wp-content\/uploads\/2025\/11\/14.png&quot;,&quot;scale&quot;:8.2,&quot;zoom&quot;:3.5,&quot;color&quot;:&quot;#00000000&quot;,&quot;desc&quot;:&quot;&lt;button class=\\&quot;map-tip-btn\\&quot; onclick=\\&quot;window.__hzw_test_open(14); return false;\\&quot;&gt;Poznaj histori\u0119 tego miejsca&lt;\/button&gt;&quot;},{&quot;id&quot;:&quot;loc15&quot;,&quot;title&quot;:&quot;Folwark Grze\u015bka&quot;,&quot;coord&quot;:[0.9458,0.7312],&quot;layer&quot;:&quot;layer1&quot;,&quot;icon&quot;:&quot;http:\/\/historiezydow.wdkwieruszow.pl\/wp-content\/uploads\/2025\/11\/15.png&quot;,&quot;scale&quot;:7,&quot;zoom&quot;:3.5,&quot;color&quot;:&quot;#00000000&quot;,&quot;desc&quot;:&quot;&lt;button class=\\&quot;map-tip-btn\\&quot; onclick=\\&quot;window.__hzw_test_open(15); return false;\\&quot;&gt;Poznaj histori\u0119 tego miejsca&lt;\/button&gt;&quot;},{&quot;id&quot;:&quot;loc16&quot;,&quot;title&quot;:&quot;Jajczarnia&quot;,&quot;coord&quot;:[0.2777,0.5377],&quot;layer&quot;:&quot;layer1&quot;,&quot;icon&quot;:&quot;http:\/\/historiezydow.wdkwieruszow.pl\/wp-content\/uploads\/2025\/11\/16.png&quot;,&quot;scale&quot;:7,&quot;zoom&quot;:3.5,&quot;color&quot;:&quot;#00000000&quot;,&quot;desc&quot;:&quot;&lt;button class=\\&quot;map-tip-btn\\&quot; onclick=\\&quot;window.__hzw_test_open(16); return false;\\&quot;&gt;Poznaj histori\u0119 tego miejsca&lt;\/button&gt;&quot;},{&quot;id&quot;:&quot;loc17&quot;,&quot;title&quot;:&quot;Siedziba \u017bandarmerii&quot;,&quot;coord&quot;:[0.2958,0.5003],&quot;layer&quot;:&quot;layer1&quot;,&quot;icon&quot;:&quot;http:\/\/historiezydow.wdkwieruszow.pl\/wp-content\/uploads\/2025\/11\/17.png&quot;,&quot;scale&quot;:7,&quot;zoom&quot;:3.5,&quot;color&quot;:&quot;#00000000&quot;,&quot;desc&quot;:&quot;&lt;button class=\\&quot;map-tip-btn\\&quot; onclick=\\&quot;window.__hzw_test_open(17); return false;\\&quot;&gt;Poznaj histori\u0119 tego miejsca&lt;\/button&gt;&quot;},{&quot;id&quot;:&quot;loc18&quot;,&quot;title&quot;:&quot;Przedszkole \/ Internat&quot;,&quot;coord&quot;:[0.2635,0.5285],&quot;layer&quot;:&quot;layer1&quot;,&quot;icon&quot;:&quot;http:\/\/historiezydow.wdkwieruszow.pl\/wp-content\/uploads\/2025\/11\/18.png&quot;,&quot;scale&quot;:7,&quot;zoom&quot;:3.5,&quot;color&quot;:&quot;#00000000&quot;,&quot;desc&quot;:&quot;&lt;button class=\\&quot;map-tip-btn\\&quot; onclick=\\&quot;window.__hzw_test_open(18); return false;\\&quot;&gt;Poznaj histori\u0119 tego miejsca&lt;\/button&gt;&quot;},{&quot;id&quot;:&quot;loc19&quot;,&quot;title&quot;:&quot;Dom Procel&oacute;w&quot;,&quot;coord&quot;:[0.2324,0.4731],&quot;layer&quot;:&quot;layer1&quot;,&quot;icon&quot;:&quot;http:\/\/historiezydow.wdkwieruszow.pl\/wp-content\/uploads\/2025\/11\/19.png&quot;,&quot;scale&quot;:7,&quot;zoom&quot;:3.5,&quot;color&quot;:&quot;#00000000&quot;,&quot;desc&quot;:&quot;&lt;button class=\\&quot;map-tip-btn\\&quot; onclick=\\&quot;window.__hzw_test_open(19); return false;\\&quot;&gt;Poznaj histori\u0119 tego miejsca&lt;\/button&gt;&quot;}],&quot;layers&quot;:[{&quot;id&quot;:&quot;layer1&quot;,&quot;name&quot;:&quot;Layer 1&quot;,&quot;file&quot;:&quot;https:\/\/historiezydow.wdkwieruszow.pl\/wp-content\/uploads\/2025\/12\/Wieruszow-zydzi.svg&quot;,&quot;switchReset&quot;:false}],&quot;breakpoints&quot;:[{&quot;name&quot;:&quot;all-screens&quot;,&quot;below&quot;:9000},{&quot;name&quot;:&quot;mobile&quot;,&quot;below&quot;:480,&quot;container&quot;:400,&quot;portrait&quot;:true}],&quot;samples&quot;:[{&quot;id&quot;:&quot;sample1&quot;,&quot;title&quot;:&quot;New sample&quot;},{&quot;id&quot;:&quot;def&quot;,&quot;title&quot;:&quot;Default&quot;,&quot;group&quot;:[]}],&quot;legend&quot;:[{&quot;id&quot;:&quot;item2&quot;,&quot;text&quot;:&quot;Legendy&quot;,&quot;disable&quot;:true},{&quot;id&quot;:&quot;item1&quot;,&quot;text&quot;:&quot;Item text&quot;,&quot;action&quot;:&quot;togglecss&quot;,&quot;disable&quot;:true}],&quot;groups&quot;:[{&quot;name&quot;:&quot;group1&quot;,&quot;hide&quot;:false},{&quot;name&quot;:&quot;G\u0142&oacute;wna&quot;}]}\" data-path=\"https:\/\/historiezydow.wdkwieruszow.pl\/wp-content\/plugins\/mapplic-wp\/\/core\/\"><\/mapplic-map>\n\n\n\n<div style=\"height:100px\" aria-hidden=\"true\" class=\"wp-block-spacer\"><\/div>\n\n\n\n<script>\n(function () {\n  \/\/ Guard: jak co\u015b wklei 2\u00d7 (cache\/minify), nie wywali\n  if (window.__HZW_POPUP_LIVE__) return;\n  window.__HZW_POPUP_LIVE__ = true;\n\n  var BASE = 'https:\/\/historiezydow.wdkwieruszow.pl\/wp-content\/uploads\/2025\/12\/';\n  var TOTAL = 19;\n  var current = 1;\n\n  function E() {\n    var popup = document.getElementById('map-popup-mykwa');\n    var audio = document.getElementById('map-popup-audio-mykwa');\n    return {\n      popup: popup,\n      backdrop: document.querySelector('.map-popup-backdrop'),\n      img: popup ? popup.querySelector('.map-popup__image img') : null,\n      text: popup ? popup.querySelector('.map-popup__text p') : null,\n      counter: popup ? popup.querySelector('.js-map-counter') : null,\n      audio: audio,\n      source: audio ? audio.querySelector('source') : null\n    };\n  }\n\n  function setCounter() {\n    var e = E();\n    if (e.counter) e.counter.textContent = current + ' \/ ' + TOTAL;\n  }\n\n  function closePopup() {\n    var e = E();\n    if (e.backdrop) e.backdrop.classList.remove('is-visible');\n    if (e.popup) e.popup.classList.remove('is-visible');\n    if (e.audio) e.audio.pause();\n  }\n\n  function openPopup(nr) {\n    current = nr;\n    var e = E();\n    if (!e.popup || !e.backdrop) return;\n\n    \/\/ obraz\n    if (e.img) {\n      var src = BASE + 'm' + nr + '.png';\n      e.img.classList.add('is-loading');\n\n      e.img.onload = function () {\n        e.img.classList.remove('is-loading');\n        e.img.onload = null;\n        e.img.onerror = null;\n      };\n      e.img.onerror = function () {\n        e.img.classList.remove('is-loading');\n        e.img.onload = null;\n        e.img.onerror = null;\n        console.warn('Nie mog\u0119 wczyta\u0107 obrazka:', src);\n      };\n\n      e.img.src = src;\n      e.img.dataset.current = String(nr);\n    }\n\n    \/\/ opis\n    var desc = {\n      1:'', 2:'', 3:'', 4:'',\n      5:'', 6:'Opis punktu 6.', 7:'Opis punktu 7.', 8:'Opis punktu 8.',\n      9:'Opis punktu 9.', 10:'Opis punktu 10.', 11:'Opis punktu 11.', 12:'Opis punktu 12.',\n      13:'Opis punktu 13.', 14:'Opis punktu 14.', 15:'Opis punktu 15.', 16:'Opis punktu 16.',\n      17:'', 18:'Opis punktu 18.', 19:'Opis punktu 19.'\n    };\n    if (e.text) e.text.textContent = desc[nr] || ('Punkt nr ' + nr);\n\n    \/\/ audio (opcjonalnie)\n    if (e.audio && e.source) {\n      var a = BASE + 'm' + nr + '.mp3';\n      if (!e.source.src || e.source.src.indexOf('\/m' + nr + '.mp3') === -1) {\n        e.source.src = a;\n        e.audio.load();\n      }\n      e.audio.currentTime = 0;\n      e.audio.play().catch(function(){});\n    }\n\n    e.backdrop.classList.add('is-visible');\n    e.popup.classList.add('is-visible');\n    setCounter();\n    e.backdrop.onclick = closePopup;\n  }\n\n  function next() { openPopup(current >= TOTAL ? 1 : current + 1); }\n  function prev() { openPopup(current <= 1 ? TOTAL : current - 1); }\n\n  \/\/ \u2705 NAJWA\u017bNIEJSZA ZMIANA: delegacja na WINDOW w CAPTURE\n  function clickRouter(ev) {\n    var openBtn = ev.target.closest &#038;&#038; ev.target.closest('[data-map-open]');\n    if (openBtn) {\n      var nOpen = parseInt(openBtn.getAttribute('data-map-open'), 10);\n      if (nOpen >= 1 && nOpen <= TOTAL) openPopup(nOpen);\n      ev.preventDefault();\n      ev.stopPropagation();\n      return;\n    }\n\n    var locBtn = ev.target.closest &#038;&#038; ev.target.closest('[data-map-loc]');\n    if (locBtn) {\n      var n = parseInt(locBtn.getAttribute('data-map-loc'), 10);\n      if (n >= 1 && n <= TOTAL) openPopup(n);\n      ev.preventDefault();\n      ev.stopPropagation();\n      return;\n    }\n\n    if (ev.target.closest &#038;&#038; ev.target.closest('#map-popup-mykwa .js-map-next')) { next(); ev.preventDefault(); ev.stopPropagation(); return; }\n    if (ev.target.closest &#038;&#038; ev.target.closest('#map-popup-mykwa .js-map-prev')) { prev(); ev.preventDefault(); ev.stopPropagation(); return; }\n    if (ev.target.closest &#038;&#038; ev.target.closest('#map-popup-mykwa .map-popup__close')) { closePopup(); ev.preventDefault(); ev.stopPropagation(); return; }\n  }\n\n  \/\/ \u0142apiemy i click i pointerdown (czasem mapy blokuj\u0105 click)\n  window.addEventListener('pointerdown', clickRouter, true);\n  window.addEventListener('click', clickRouter, true);\n\n  document.addEventListener('keydown', function (e) {\n    var el = E();\n    var isOpen = el.popup &#038;&#038; el.popup.classList.contains('is-visible');\n    if (!isOpen) return;\n\n    if (e.key === 'Escape') closePopup();\n    if (e.key === 'ArrowLeft') prev();\n    if (e.key === 'ArrowRight') next();\n  });\n\n  \/\/ test w konsoli:\n  window.__hzw_test_open = openPopup;\n})();\n<\/script>\n\n\n\n\n<div class=\"map-popup-buttons\">\n  <button class=\"map-popup-button\" data-map-loc=\"1\">Mykwa<\/button>\n  <button class=\"map-popup-button\" data-map-loc=\"2\">Wieruszowskie Getto<\/button>\n  <button class=\"map-popup-button\" data-map-loc=\"3\">Synagoga<\/button>\n  <button class=\"map-popup-button\" data-map-loc=\"4\">Chasydzki Dom Modlitwy<\/button>\n  <button class=\"map-popup-button\" data-map-loc=\"5\">Cheder<\/button>\n  <button class=\"map-popup-button\" data-map-loc=\"6\">Szko\u0142a \u017bydowska<\/button>\n  <button class=\"map-popup-button\" data-map-loc=\"7\">Klub Sportowy<\/button>\n  <button class=\"map-popup-button\" data-map-loc=\"8\">Rynek<\/button>\n  <button class=\"map-popup-button\" data-map-loc=\"9\">Magistrat<\/button>\n  <button class=\"map-popup-button\" data-map-loc=\"10\">Biblioteka<\/button>\n\n  <button class=\"map-popup-button map-popup-button--secondary\" data-map-loc=\"11\">Klasztor<\/button>\n  <button class=\"map-popup-button map-popup-button--secondary\" data-map-loc=\"12\">Fabryka Zapa\u0142ek<\/button>\n  <button class=\"map-popup-button map-popup-button--secondary\" data-map-loc=\"13\">Gara\u017c<\/button>\n  <button class=\"map-popup-button map-popup-button--secondary\" data-map-loc=\"14\">Cmentarz \u017bydowski<\/button>\n  <button class=\"map-popup-button map-popup-button--secondary\" data-map-loc=\"15\">Folwark Grze\u015bka<\/button>\n  <button class=\"map-popup-button map-popup-button--secondary\" data-map-loc=\"16\">Jajczarnia<\/button>\n  <button class=\"map-popup-button map-popup-button--secondary\" data-map-loc=\"17\">Siedziba \u017bandarmerii<\/button>\n  <button class=\"map-popup-button map-popup-button--secondary\" data-map-loc=\"18\">Przedszkole \/ Internat<\/button>\n  <button class=\"map-popup-button map-popup-button--secondary\" data-map-loc=\"19\">Dom Procel\u00f3w<\/button>\n<\/div>\n\n<div class=\"map-popup-backdrop\"><\/div>\n\n<div id=\"map-popup-mykwa\" class=\"map-popup\" aria-hidden=\"true\">\n  <div class=\"map-popup__inner\">\n    <button class=\"map-popup__close\" type=\"button\" aria-label=\"Zamknij\">\u00d7<\/button>\n\n    <div class=\"map-popup__image\">\n      <img decoding=\"async\" src=\"\" alt=\"\" \/>\n    <\/div>\n\n    <div class=\"map-popup__nav\">\n      <button type=\"button\" class=\"map-popup__nav-btn js-map-prev\">\u25c0 Poprzednie<\/button>\n      <div class=\"map-popup__nav-counter js-map-counter\">1 \/ 19<\/div>\n      <button type=\"button\" class=\"map-popup__nav-btn js-map-next\">Nast\u0119pne \u25b6<\/button>\n    <\/div>\n\n    <div class=\"map-popup__text\"><p><\/p><\/div>\n\n    <audio id=\"map-popup-audio-mykwa\" controls style=\"width:100%;\">\n      <source src=\"\" type=\"audio\/mpeg\" \/>\n    <\/audio>\n  <\/div>\n<\/div>\n","protected":false},"excerpt":{"rendered":"<p>Mykwa Wieruszowskie Getto Synagoga Chasydzki Dom Modlitwy Cheder Szko\u0142a \u017bydowska Klub Sportowy Rynek Magistrat Biblioteka Klasztor Fabryka Zapa\u0142ek Gara\u017c Cmentarz \u017bydowski Folwark Grze\u015bka Jajczarnia Siedziba \u017bandarmerii Przedszkole \/ Internat Dom Procel\u00f3w \u00d7 \u25c0 Poprzednie 1 \/ 19 Nast\u0119pne \u25b6<\/p>\n","protected":false},"author":1,"featured_media":0,"parent":0,"menu_order":0,"comment_status":"closed","ping_status":"closed","template":"","meta":{"footnotes":""},"class_list":["post-2","page","type-page","status-publish","hentry"],"_links":{"self":[{"href":"https:\/\/historiezydow.wdkwieruszow.pl\/index.php\/wp-json\/wp\/v2\/pages\/2","targetHints":{"allow":["GET"]}}],"collection":[{"href":"https:\/\/historiezydow.wdkwieruszow.pl\/index.php\/wp-json\/wp\/v2\/pages"}],"about":[{"href":"https:\/\/historiezydow.wdkwieruszow.pl\/index.php\/wp-json\/wp\/v2\/types\/page"}],"author":[{"embeddable":true,"href":"https:\/\/historiezydow.wdkwieruszow.pl\/index.php\/wp-json\/wp\/v2\/users\/1"}],"replies":[{"embeddable":true,"href":"https:\/\/historiezydow.wdkwieruszow.pl\/index.php\/wp-json\/wp\/v2\/comments?post=2"}],"version-history":[{"count":52,"href":"https:\/\/historiezydow.wdkwieruszow.pl\/index.php\/wp-json\/wp\/v2\/pages\/2\/revisions"}],"predecessor-version":[{"id":219,"href":"https:\/\/historiezydow.wdkwieruszow.pl\/index.php\/wp-json\/wp\/v2\/pages\/2\/revisions\/219"}],"wp:attachment":[{"href":"https:\/\/historiezydow.wdkwieruszow.pl\/index.php\/wp-json\/wp\/v2\/media?parent=2"}],"curies":[{"name":"wp","href":"https:\/\/api.w.org\/{rel}","templated":true}]}}